{"id":1240,"date":"2024-12-14T11:57:41","date_gmt":"2024-12-14T10:57:41","guid":{"rendered":"https:\/\/sypesic.org\/?page_id=1240"},"modified":"2024-12-14T16:07:15","modified_gmt":"2024-12-14T15:07:15","slug":"nos-projets","status":"publish","type":"page","link":"https:\/\/sypesic.org\/?page_id=1240","title":{"rendered":"Nos  projets"},"content":{"rendered":"\t\t<div data-elementor-type=\"wp-page\" data-elementor-id=\"1240\" class=\"elementor elementor-1240\">\n\t\t\t\t<div class=\"elementor-element elementor-element-c95e4ce e-flex e-con-boxed e-con e-parent\" data-id=\"c95e4ce\" data-element_type=\"container\">\n\t\t\t\t\t<div class=\"e-con-inner\">\n\t\t\t\t<div class=\"elementor-element elementor-element-923c422 elementor-widget elementor-widget-html\" data-id=\"923c422\" data-element_type=\"widget\" data-widget_type=\"html.default\">\n\t\t\t\t<div class=\"elementor-widget-container\">\n\t\t\t<!DOCTYPE html>\r\n<html lang=\"en\">\r\n<head>\r\n    <meta charset=\"UTF-8\">\r\n    <meta name=\"viewport\" content=\"width=device-width, initial-scale=1.0\">\r\n    <title>Nos Projets<\/title>\r\n    <!-- Bootstrap CSS -->\r\n    <link href=\"https:\/\/cdn.jsdelivr.net\/npm\/bootstrap@5.3.0\/dist\/css\/bootstrap.min.css\" rel=\"stylesheet\">\r\n    <!-- Font Awesome for Icons -->\r\n    <link href=\"https:\/\/cdnjs.cloudflare.com\/ajax\/libs\/font-awesome\/6.0.0-beta3\/css\/all.min.css\" rel=\"stylesheet\">\r\n    <style>\r\n        .header {\r\n            background: linear-gradient(90deg, #ffde00, #095002);\r\n            color: white;\r\n            padding: 50px 0;\r\n            text-align: center;\r\n        }\r\n        .header h1 {\r\n            font-size: 3rem;\r\n            animation: fadeInDown 1.5s;\r\n        }\r\n        @keyframes fadeInDown {\r\n            0% { transform: translateY(-50px); opacity: 0; }\r\n            100% { transform: translateY(0); opacity: 1; }\r\n        }\r\n        .project-card {\r\n            animation: fadeInUp 1.5s;\r\n            transition: transform 0.3s;\r\n        }\r\n        .project-card:hover {\r\n            transform: scale(1.05);\r\n        }\r\n        @keyframes fadeInUp {\r\n            0% { transform: translateY(50px); opacity: 0; }\r\n            100% { transform: translateY(0); opacity: 1; }\r\n        }\r\n        .carousel-inner img {\r\n            max-height: 400px;\r\n            object-fit: cover;\r\n        }\r\n    <\/style>\r\n<\/head>\r\n<body>\r\n\r\n<!-- Header Section -->\r\n<div class=\"header\">\r\n    <h1>Nos Projets<\/h1>\r\n    <p>D\u00e9couvrez nos initiatives pour promouvoir la s\u00e9curit\u00e9 incendie<\/p>\r\n<\/div>\r\n\r\n<!-- Carousel Section -->\r\n<div id=\"projectCarousel\" class=\"carousel slide my-5\" data-bs-ride=\"carousel\">\r\n    <div class=\"carousel-inner\">\r\n        <div class=\"carousel-item active\">\r\n            <img decoding=\"async\" src=\"https:\/\/sypesic.org\/wp-content\/uploads\/2024\/12\/un_observatoire_national_en_s_curit_incendie.jpeg\" class=\"d-block w-100\" alt=\"Slide 1\">\r\n            <div class=\"carousel-caption d-none d-md-block\">\r\n                <h5>Observatoire National de la S\u00e9curit\u00e9 Incendie<\/h5>\r\n                <p>Analyser et pr\u00e9venir les risques incendie.<\/p>\r\n            <\/div>\r\n        <\/div>\r\n        <div class=\"carousel-item\">\r\n            <img decoding=\"async\" src=\"https:\/\/sypesic.org\/wp-content\/uploads\/2024\/12\/centre_de_formation_en_s_curit_incendie.jpeg\" class=\"d-block w-100\" alt=\"Slide 2\">\r\n            <div class=\"carousel-caption d-none d-md-block\">\r\n                <h5>Centre de Formation<\/h5>\r\n                <p>Recyclage et perfectionnement en s\u00e9curit\u00e9 incendie.<\/p>\r\n            <\/div>\r\n        <\/div>\r\n        <div class=\"carousel-item\">\r\n            <img decoding=\"async\" src=\"https:\/\/sypesic.org\/wp-content\/uploads\/2024\/12\/centre_d_information_en_s_curit_incendie.jpeg\" class=\"d-block w-100\" alt=\"Slide 3\">\r\n            <div class=\"carousel-caption d-none d-md-block\">\r\n                <h5>Centre d\u2019Information<\/h5>\r\n                <p>Acc\u00e8s aux ressources en s\u00e9curit\u00e9 incendie.<\/p>\r\n            <\/div>\r\n        <\/div>\r\n    <\/div>\r\n    <button class=\"carousel-control-prev\" type=\"button\" data-bs-target=\"#projectCarousel\" data-bs-slide=\"prev\">\r\n        <span class=\"carousel-control-prev-icon\" aria-hidden=\"true\"><\/span>\r\n        <span class=\"visually-hidden\">Previous<\/span>\r\n    <\/button>\r\n    <button class=\"carousel-control-next\" type=\"button\" data-bs-target=\"#projectCarousel\" data-bs-slide=\"next\">\r\n        <span class=\"carousel-control-next-icon\" aria-hidden=\"true\"><\/span>\r\n        <span class=\"visually-hidden\">Next<\/span>\r\n    <\/button>\r\n<\/div>\r\n\r\n<!-- Projects Section -->\r\n<div class=\"container my-5\">\r\n    <div class=\"row g-4\">\r\n        <div class=\"col-md-4\">\r\n            <div class=\"card project-card\">\r\n                <img decoding=\"async\" src=\"https:\/\/sypesic.org\/wp-content\/uploads\/2024\/12\/un_observatoire_national_en_s_curit_incendie.jpeg\" class=\"card-img-top\" alt=\"Observatoire\">\r\n                <div class=\"card-body\">\r\n                    <h5 class=\"card-title\">L\u2019Observatoire National de la S\u00e9curit\u00e9 Incendie<\/h5>\r\n                    <p class=\"card-text\">Un centre d\u00e9di\u00e9 \u00e0 l\u2019analyse des risques incendie pour une meilleure pr\u00e9vention.<\/p>\r\n                    \r\n            <a href=\"https:\/\/sypesic.org\/?page_id=1248\" class=\"btn btn-warning\">Voir plus<\/a>\r\n                <\/div>\r\n            <\/div>\r\n        <\/div>\r\n        <div class=\"col-md-4\">\r\n            <div class=\"card project-card\">\r\n                <img decoding=\"async\" src=\"https:\/\/sypesic.org\/wp-content\/uploads\/2024\/12\/centre_de_formation_en_s_curit_incendie.jpeg\" class=\"card-img-top\" alt=\"Centre de Formation\">\r\n                <div class=\"card-body\">\r\n                    <h5 class=\"card-title\">Le Centre de Formation<\/h5>\r\n                    <p class=\"card-text\">Des formations adapt\u00e9es pour le perfectionnement en s\u00e9curit\u00e9 incendie.<\/p>\r\n                    <a href=\"https:\/\/sypesic.org\/?page_id=1250\" class=\"btn btn-success\">Voir plus<\/a>\r\n                <\/div>\r\n            <\/div>\r\n        <\/div>\r\n        <div class=\"col-md-4\">\r\n            <div class=\"card project-card\">\r\n                <img decoding=\"async\" src=\"https:\/\/sypesic.org\/wp-content\/uploads\/2024\/12\/centre_d_information_en_s_curit_incendie.jpeg\" class=\"card-img-top\" alt=\"Centre d\u2019Information\">\r\n                <div class=\"card-body\">\r\n                    <h5 class=\"card-title\">Le Centre d\u2019Information<\/h5>\r\n                    <p class=\"card-text\">Acc\u00e9dez aux ressources les plus compl\u00e8tes en s\u00e9curit\u00e9 incendie.<\/p>\r\n                    <a href=\"https:\/\/sypesic.org\/?page_id=1252\" class=\"btn btn-primary\">Voir plus<\/a>\r\n                <\/div>\r\n            <\/div>\r\n        <\/div>\r\n    <\/div>\r\n<\/div>\r\n\r\n<!-- Footer -->\r\n\r\n\r\n<!-- Bootstrap Bundle with Popper -->\r\n<script src=\"https:\/\/cdn.jsdelivr.net\/npm\/bootstrap@5.3.0\/dist\/js\/bootstrap.bundle.min.js\"><\/script>\r\n<\/body>\r\n<\/html>\r\n\t\t<\/div>\n\t\t\t\t<\/div>\n\t\t\t\t\t<\/div>\n\t\t\t\t<\/div>\n\t\t\t\t<\/div>\n\t\t","protected":false},"excerpt":{"rendered":"<p>Nos Projets Nos Projets D\u00e9couvrez nos initiatives pour promouvoir la s\u00e9curit\u00e9 incendie Observatoire National de la S\u00e9curit\u00e9 Incendie Analyser et pr\u00e9venir les risques incendie. Centre de Formation Recyclage et perfectionnement en s\u00e9curit\u00e9 incendie. Centre d\u2019Information Acc\u00e8s aux ressources en s\u00e9curit\u00e9 incendie. Previous Next L\u2019Observatoire National de la S\u00e9curit\u00e9 Incendie Un centre d\u00e9di\u00e9 \u00e0 l\u2019analyse des&hellip;&nbsp;<a href=\"https:\/\/sypesic.org\/?page_id=1240\" rel=\"bookmark\">Lire la suite &raquo;<span class=\"screen-reader-text\">Nos  projets<\/span><\/a><\/p>\n","protected":false},"author":1,"featured_media":0,"parent":0,"menu_order":0,"comment_status":"closed","ping_status":"closed","template":"page-templates\/template-pagebuilder-full-width.php","meta":{"neve_meta_sidebar":"","neve_meta_container":"","neve_meta_enable_content_width":"","neve_meta_content_width":0,"neve_meta_title_alignment":"","neve_meta_author_avatar":"","neve_post_elements_order":"","neve_meta_disable_header":"","neve_meta_disable_footer":"","neve_meta_disable_title":"","footnotes":""},"class_list":["post-1240","page","type-page","status-publish","hentry"],"_links":{"self":[{"href":"https:\/\/sypesic.org\/index.php?rest_route=\/wp\/v2\/pages\/1240","targetHints":{"allow":["GET"]}}],"collection":[{"href":"https:\/\/sypesic.org\/index.php?rest_route=\/wp\/v2\/pages"}],"about":[{"href":"https:\/\/sypesic.org\/index.php?rest_route=\/wp\/v2\/types\/page"}],"author":[{"embeddable":true,"href":"https:\/\/sypesic.org\/index.php?rest_route=\/wp\/v2\/users\/1"}],"replies":[{"embeddable":true,"href":"https:\/\/sypesic.org\/index.php?rest_route=%2Fwp%2Fv2%2Fcomments&post=1240"}],"version-history":[{"count":37,"href":"https:\/\/sypesic.org\/index.php?rest_route=\/wp\/v2\/pages\/1240\/revisions"}],"predecessor-version":[{"id":1378,"href":"https:\/\/sypesic.org\/index.php?rest_route=\/wp\/v2\/pages\/1240\/revisions\/1378"}],"wp:attachment":[{"href":"https:\/\/sypesic.org\/index.php?rest_route=%2Fwp%2Fv2%2Fmedia&parent=1240"}],"curies":[{"name":"wp","href":"https:\/\/api.w.org\/{rel}","templated":true}]}}