{"id":621,"date":"2024-11-27T22:54:59","date_gmt":"2024-11-27T21:54:59","guid":{"rendered":"https:\/\/sypesic.org\/?page_id=621"},"modified":"2024-11-30T10:51:18","modified_gmt":"2024-11-30T09:51:18","slug":"le-mot-du-president-2","status":"publish","type":"page","link":"https:\/\/sypesic.org\/?page_id=621","title":{"rendered":"Le mot du pr\u00e9sident"},"content":{"rendered":"\t\t<div data-elementor-type=\"wp-page\" data-elementor-id=\"621\" class=\"elementor elementor-621\">\n\t\t\t\t<div class=\"elementor-element elementor-element-c149f36 e-flex e-con-boxed e-con e-parent\" data-id=\"c149f36\" data-element_type=\"container\">\n\t\t\t\t\t<div class=\"e-con-inner\">\n\t\t\t\t<div class=\"elementor-element elementor-element-18c098c elementor-widget elementor-widget-html\" data-id=\"18c098c\" data-element_type=\"widget\" data-widget_type=\"html.default\">\n\t\t\t\t<div class=\"elementor-widget-container\">\n\t\t\t<!DOCTYPE html>\r\n<html lang=\"en\">\r\n<head>\r\n    <meta charset=\"UTF-8\">\r\n    <meta name=\"viewport\" content=\"width=device-width, initial-scale=1.0\">\r\n    <title>SYPESIC - Bienvenue<\/title>\r\n    <!-- Bootstrap CSS -->\r\n    <link href=\"https:\/\/cdn.jsdelivr.net\/npm\/bootstrap@5.3.0-alpha1\/dist\/css\/bootstrap.min.css\" rel=\"stylesheet\">\r\n    <style>\r\n        body {\r\n            font-family: 'Arial', sans-serif;\r\n            background-color: #f3f4f6;\r\n        }\r\n        .hero-section {\r\n            background: linear-gradient(rgba(0, 0, 0, 0.5), rgba(0, 0, 0, 0.5)), \r\n                        url('https:\/\/sypesic.org\/wp-content\/uploads\/2024\/11\/20240501_081311-PNG-1.png') no-repeat center center\/cover;\r\n            color: white;\r\n            padding: 120px 20px;\r\n            text-align: center;\r\n        }\r\n        .hero-section h1 {\r\n            font-size: 3.5rem;\r\n            font-weight: bold;\r\n        }\r\n        .hero-section p {\r\n            font-size: 1.4rem;\r\n            margin-top: 10px;\r\n        }\r\n        .content-section {\r\n            margin-top: 15px;\r\n            padding: 60px 20px;\r\n            background: url('https:\/\/sypesic.org\/wp-content\/uploads\/2024\/11\/INC-4.jpg') no-repeat center center\/cover; \/* Remplacez ce lien par celui de votre image *\/\r\n            color: white; \/* Assurez-vous que le texte soit visible sur l'image *\/\r\n        }\r\n        .content-section h2 {\r\n            color: #007bff;\r\n            text-align: center;\r\n            font-weight: bold;\r\n            margin-bottom: 30px;\r\n        }\r\n        .card {\r\n            border: none;\r\n            border-radius: 15px;\r\n            overflow: hidden;\r\n            box-shadow: 0 6px 15px rgba(0, 0, 0, 0.1);\r\n            background-color: rgba(255, 255, 255, 0.8); \/* Fond semi-transparent pour les cartes *\/\r\n        }\r\n        .card img {\r\n            width: 100%; \/* Utilisation de 100% pour occuper toute la largeur *\/\r\n            height: auto; \/* Ajuste automatiquement la hauteur de l'image *\/\r\n            object-fit: cover; \/* Permet \u00e0 l'image de couvrir l'espace sans \u00eatre d\u00e9form\u00e9e *\/\r\n        }\r\n        .card p {\r\n            color: #6c757d;\r\n        }\r\n        .footer {\r\n            background-color: #007bff;\r\n            color: white;\r\n            padding: 30px;\r\n            text-align: center;\r\n        }\r\n        .footer p {\r\n            margin: 0;\r\n        }\r\n    <\/style>\r\n<\/head>\r\n<body>\r\n\r\n    <!-- Hero Section -->\r\n    <section class=\"hero-section\">\r\n        <h1>Bienvenue sur le site officiel du SYPESIC<\/h1>\r\n        <p>Solidarit\u00e9, engagement et d\u00e9fense des droits collectifs<\/p>\r\n    <\/section>\r\n\r\n    <!-- Content Section -->\r\n    <div class=\"container content-section\">\r\n        <div class=\"row g-4\">\r\n            <!-- Card 1 -->\r\n            <div class=\"col-md-4\">\r\n                <div class=\"card\">\r\n                    <div class=\"card-body\">\r\n                        <img decoding=\"async\" src=\"https:\/\/sypesic.org\/wp-content\/uploads\/2024\/11\/Calque-21.png\" alt=\"Image 2\" class=\"card-img-top\">\r\n                    <\/div>\r\n                <\/div>\r\n            <\/div>\r\n            <!-- Card 2 (Text Content) -->\r\n            <div class=\"col-md-8\">\r\n                <div class=\"card\">\r\n                    <div class=\"card-body\">\r\n                    <p><strong>Chers adh\u00e9rents ; Chers visiteurs ;<\/strong><\/p>\r\n                    <p>\r\n                       Bienvenue sur le site officiel du SYNDICAT PATRONNAL DES ENTREPRISES DE SECURITE INCENDIE DU CAMEROUN, enregistr\u00e9 au Greffe des Syndicats du Minist\u00e8re du Travail et de la S\u00e9curit\u00e9 Sociale du Cameroun depuis le 11 mars 2021.\r\n                    <\/p>\r\n                    <p>\r\n                      En tant que pr\u00e9sident, je suis honor\u00e9 de vous accueillir dans cet espace num\u00e9rique d\u00e9di\u00e9 \u00e0 la solidarit\u00e9, \u00e0 l\u2019engagement et \u00e0 la d\u00e9fense de nos droits collectifs.\r\n                    <\/p>\r\n                    <p>\r\n                       Notre syndicat a toujours \u0153uvr\u00e9 pour le bien-\u00eatre de ses membres, et aujourd\u2019hui plus que jamais, il est essentiel de rester unis pour relever les d\u00e9fis qui se pr\u00e9sentent. Ce site se veut une plateforme d\u2019\u00e9changes, d\u2019informations et de soutien, o\u00f9 vous pourrez trouver toutes les ressources n\u00e9cessaires pour mieux comprendre nos actions, nos valeurs et nos projets. Il est aussi \u00e0 la disposition de tous les usagers qui souhaitent b\u00e9n\u00e9ficier des services de nos membres.\r\n                    <\/p> \r\n                    \r\n                    <p>\r\n                      A travers les actions d\u00e9j\u00e0 entreprises et celles \u00e0 venir, soyez convaincus de la d\u00e9termination du SYPESIC et de l\u2019ensemble de ses membres \u00e0 \u0153uvrer pour continuer \u00e0 vous assurer une tr\u00e8s bonne qualit\u00e9 de vie dans les meilleures conditions de pr\u00e9vention des incendies. Ce site Internet, pour y contribuer, permet \u00e0 tout un chacun de communiquer avec nous et d\u2019obtenir nos services avec plus de promptitude et plus de professionnalisme !\r\n                    <\/p>\r\n                    \r\n                    <p>\r\n                      Je souhaite que vous preniez autant de plaisir \u00e0 utiliser cette plate-forme que nous en avons eu \u00e0 la cr\u00e9er. Il me reste \u00e0 vous souhaiter une tr\u00e8s agr\u00e9able navigation !\r\n                    Bien syndialement.\r\n\r\n                    <\/p>\r\n                    \r\n                    <p style=\"text-align: right;\"><strong>\r\n                        <a>\r\n                      Le Pr\u00e9sident\r\n                         <\/a>\r\n                       <br>  \r\n                      <a>Ars\u00e8ne ENOKA EMBIENNE<\/a>\r\n                        <\/strong>\r\n                    <\/p>\r\n                    <\/div>\r\n                <\/div>\r\n            <\/div>\r\n        <\/div>\r\n    <\/div>\r\n\r\n    \r\n    <!-- Bootstrap JS -->\r\n    <script src=\"https:\/\/cdn.jsdelivr.net\/npm\/bootstrap@5.3.0-alpha1\/dist\/js\/bootstrap.bundle.min.js\"><\/script>\r\n<\/body>\r\n<\/html>\r\n\t\t<\/div>\n\t\t\t\t<\/div>\n\t\t\t\t\t<\/div>\n\t\t\t\t<\/div>\n\t\t\t\t<\/div>\n\t\t","protected":false},"excerpt":{"rendered":"<p>SYPESIC &#8211; Bienvenue Bienvenue sur le site officiel du SYPESIC Solidarit\u00e9, engagement et d\u00e9fense des droits collectifs Chers adh\u00e9rents ; Chers visiteurs ; Bienvenue sur le site officiel du SYNDICAT PATRONNAL DES ENTREPRISES DE SECURITE INCENDIE DU CAMEROUN, enregistr\u00e9 au Greffe des Syndicats du Minist\u00e8re du Travail et de la S\u00e9curit\u00e9 Sociale du Cameroun depuis&hellip;&nbsp;<a href=\"https:\/\/sypesic.org\/?page_id=621\" rel=\"bookmark\">Lire la suite &raquo;<span class=\"screen-reader-text\">Le mot du pr\u00e9sident<\/span><\/a><\/p>\n","protected":false},"author":1,"featured_media":0,"parent":0,"menu_order":0,"comment_status":"closed","ping_status":"closed","template":"page-templates\/template-pagebuilder-full-width.php","meta":{"neve_meta_sidebar":"","neve_meta_container":"","neve_meta_enable_content_width":"","neve_meta_content_width":0,"neve_meta_title_alignment":"","neve_meta_author_avatar":"","neve_post_elements_order":"","neve_meta_disable_header":"","neve_meta_disable_footer":"","neve_meta_disable_title":"","footnotes":""},"class_list":["post-621","page","type-page","status-publish","hentry"],"_links":{"self":[{"href":"https:\/\/sypesic.org\/index.php?rest_route=\/wp\/v2\/pages\/621","targetHints":{"allow":["GET"]}}],"collection":[{"href":"https:\/\/sypesic.org\/index.php?rest_route=\/wp\/v2\/pages"}],"about":[{"href":"https:\/\/sypesic.org\/index.php?rest_route=\/wp\/v2\/types\/page"}],"author":[{"embeddable":true,"href":"https:\/\/sypesic.org\/index.php?rest_route=\/wp\/v2\/users\/1"}],"replies":[{"embeddable":true,"href":"https:\/\/sypesic.org\/index.php?rest_route=%2Fwp%2Fv2%2Fcomments&post=621"}],"version-history":[{"count":37,"href":"https:\/\/sypesic.org\/index.php?rest_route=\/wp\/v2\/pages\/621\/revisions"}],"predecessor-version":[{"id":1080,"href":"https:\/\/sypesic.org\/index.php?rest_route=\/wp\/v2\/pages\/621\/revisions\/1080"}],"wp:attachment":[{"href":"https:\/\/sypesic.org\/index.php?rest_route=%2Fwp%2Fv2%2Fmedia&parent=621"}],"curies":[{"name":"wp","href":"https:\/\/api.w.org\/{rel}","templated":true}]}}