{"id":79,"date":"2024-11-10T20:54:23","date_gmt":"2024-11-10T19:54:23","guid":{"rendered":"https:\/\/sypesic.org\/?page_id=79"},"modified":"2024-11-30T09:56:03","modified_gmt":"2024-11-30T08:56:03","slug":"le-mot-du-president","status":"publish","type":"page","link":"https:\/\/sypesic.org\/?page_id=79","title":{"rendered":"Nos missions et engagements"},"content":{"rendered":"\t\t<div data-elementor-type=\"wp-page\" data-elementor-id=\"79\" class=\"elementor elementor-79\">\n\t\t\t\t<div class=\"elementor-element elementor-element-e84981a e-flex e-con-boxed e-con e-parent\" data-id=\"e84981a\" data-element_type=\"container\" data-settings=\"{&quot;background_background&quot;:&quot;slideshow&quot;,&quot;background_slideshow_gallery&quot;:[{&quot;id&quot;:39,&quot;url&quot;:&quot;https:\\\/\\\/sypesic.org\\\/wp-content\\\/uploads\\\/2024\\\/11\\\/incendie-a-bangui-1140x480-2.jpg&quot;},{&quot;id&quot;:38,&quot;url&quot;:&quot;https:\\\/\\\/sypesic.org\\\/wp-content\\\/uploads\\\/2024\\\/11\\\/formation-securite-obligatoire-incendie-1024x682-1.jpg&quot;},{&quot;id&quot;:31,&quot;url&quot;:&quot;https:\\\/\\\/sypesic.org\\\/wp-content\\\/uploads\\\/2024\\\/11\\\/7417787c484f35ae20cbb0594c4de4f5_L-2.jpg&quot;},{&quot;id&quot;:32,&quot;url&quot;:&quot;https:\\\/\\\/sypesic.org\\\/wp-content\\\/uploads\\\/2024\\\/11\\\/20240501_081311-PNG.png&quot;}],&quot;background_slideshow_loop&quot;:&quot;yes&quot;,&quot;background_slideshow_slide_duration&quot;:5000,&quot;background_slideshow_slide_transition&quot;:&quot;fade&quot;,&quot;background_slideshow_transition_duration&quot;:500}\">\n\t\t\t\t\t<div class=\"e-con-inner\">\n\t\t\t\t\t<\/div>\n\t\t\t\t<\/div>\n\t\t<div class=\"elementor-element elementor-element-af76c76 e-flex e-con-boxed e-con e-parent\" data-id=\"af76c76\" data-element_type=\"container\">\n\t\t\t\t\t<div class=\"e-con-inner\">\n\t\t\t\t<div class=\"elementor-element elementor-element-bba4de9 elementor-widget elementor-widget-html\" data-id=\"bba4de9\" data-element_type=\"widget\" data-widget_type=\"html.default\">\n\t\t\t\t<div class=\"elementor-widget-container\">\n\t\t\t<!DOCTYPE html>\r\n<html lang=\"fr\">\r\n<head>\r\n    <meta charset=\"UTF-8\">\r\n    <meta name=\"viewport\" content=\"width=device-width, initial-scale=1.0\">\r\n    <title>Notre Mission<\/title>\r\n    <!-- Bootstrap CSS -->\r\n    <link href=\"https:\/\/cdn.jsdelivr.net\/npm\/bootstrap@5.3.0-alpha1\/dist\/css\/bootstrap.min.css\" rel=\"stylesheet\">\r\n    <style>\r\n        .box {\r\n            background-color: #f8f9fa;\r\n            border-radius: 10px;\r\n            box-shadow: 0 4px 8px rgba(0, 0, 0, 0.1);\r\n            overflow: hidden;\r\n            transition: transform 0.3s, box-shadow 0.3s;\r\n        }\r\n        .box:hover {\r\n            transform: translateY(-5px);\r\n            box-shadow: 0 8px 16px rgba(0, 0, 0, 0.2);\r\n        }\r\n        .box img {\r\n            width: 100%;\r\n            height: 200px;\r\n            object-fit: cover;\r\n        }\r\n        .box-content {\r\n            padding: 20px;\r\n        }\r\n        .box h5 {\r\n            color: #d32f2f;\r\n            font-weight: bold;\r\n            margin-bottom: 15px;\r\n        }\r\n    <\/style>\r\n<\/head>\r\n<body>\r\n    <div class=\"container py-5\">\r\n        <div class=\"text-center mb-5\">\r\n            <h1 class=\"text-danger\">Nos missions et engagements<\/h1>\r\n            <p class=\"text-muted\">Garantir la s\u00e9curit\u00e9 incendie \u00e0 travers des mesures pr\u00e9ventives et des dispositifs adapt\u00e9s.<\/p>\r\n        <\/div>\r\n        <div class=\"row g-4\">\r\n            <!-- Box 1 -->\r\n            <div class=\"col-md-6 col-lg-4\">\r\n                <div class=\"box\">\r\n                    <img decoding=\"async\" src=\"https:\/\/sypesic.org\/wp-content\/uploads\/2024\/11\/belle_image_sur_la_pr_vention_des_risques.jpeg\" alt=\"Pr\u00e9vention des risques d'incendie\">\r\n                    <div class=\"box-content\">\r\n                        <h5>Pr\u00e9vention des risques d'incendie<\/h5>\r\n                        <p>Le syndicat sensibilise, informe et conseille sur les meilleures pratiques pour pr\u00e9venir les incendies.<\/p>\r\n                    <\/div>\r\n                <\/div>\r\n            <\/div>\r\n            <!-- Box 2 -->\r\n            <div class=\"col-md-6 col-lg-4\">\r\n                <div class=\"box\">\r\n                    <img decoding=\"async\" src=\"https:\/\/sypesic.org\/wp-content\/uploads\/2024\/11\/formation_professionnelle_en_afrique_en_s_curit_incendie.jpeg\" alt=\"Formation professionnelle\">\r\n                    <div class=\"box-content\">\r\n                        <h5>Formation professionnelle<\/h5>\r\n                        <p>Organisation de dispositifs de formation pour les membres et les intervenants en s\u00e9curit\u00e9 incendie.<\/p>\r\n                    <\/div>\r\n                <\/div>\r\n            <\/div>\r\n            <!-- Box 3 -->\r\n            <div class=\"col-md-6 col-lg-4\">\r\n                <div class=\"box\">\r\n                    <img decoding=\"async\" src=\"https:\/\/sypesic.org\/wp-content\/uploads\/2024\/11\/sprinkler-512x448-1.jpg\" alt=\"Veille r\u00e9glementaire\">\r\n                    <div class=\"box-content\">\r\n                        <h5>Veille r\u00e9glementaire<\/h5>\r\n                        <p>Assure que nos membres respectent la r\u00e9glementation et informe sur les \u00e9volutions l\u00e9gislatives.<\/p>\r\n                    <\/div>\r\n                <\/div>\r\n            <\/div>\r\n            <!-- Box 4 -->\r\n            <div class=\"col-md-6 col-lg-4\">\r\n                <div class=\"box\">\r\n                    <img decoding=\"async\" src=\"https:\/\/sypesic.org\/wp-content\/uploads\/2024\/11\/v_hicules_et_moyens_d_intervention_dans_un_incendie.jpeg\" alt=\"Intervention en cas d'incendie\">\r\n                    <div class=\"box-content\">\r\n                        <h5>Intervention en cas d'incendie<\/h5>\r\n                        <p>Organisation d'actions pr\u00e9ventives pour limiter les d\u00e9g\u00e2ts avant l'arriv\u00e9e des pompiers.<\/p>\r\n                    <\/div>\r\n                <\/div>\r\n            <\/div>\r\n            <!-- Box 5 -->\r\n            <div class=\"col-md-6 col-lg-4\">\r\n                <div class=\"box\">\r\n                    <img decoding=\"async\" src=\"https:\/\/sypesic.org\/wp-content\/uploads\/2024\/11\/conseil_en_s_curit_incendie_avec_des_personnes-1.jpeg\" alt=\"Conseil et assistance\">\r\n                    <div class=\"box-content\">\r\n                        <h5>Conseil et assistance<\/h5>\r\n                        <p>Fourniture de conseils techniques et aide \u00e0 la mise en conformit\u00e9 avec les normes de s\u00e9curit\u00e9 incendie.<\/p>\r\n                    <\/div>\r\n                <\/div>\r\n            <\/div>\r\n            <!-- Box 6 -->\r\n            <div class=\"col-md-6 col-lg-4\">\r\n                <div class=\"box\">\r\n                    <img decoding=\"async\" src=\"https:\/\/sypesic.org\/wp-content\/uploads\/2024\/11\/cropped-Logo-Transparent-1.png\" alt=\"R\u00f4le central du SYPESIC\">\r\n                    <div class=\"box-content\">\r\n                        <h5>R\u00f4le central du SYPESIC<\/h5>\r\n                        <p>Gestion, pr\u00e9vention et mise en \u0153uvre de pratiques adapt\u00e9es pour garantir la s\u00e9curit\u00e9 des lieux et des personnes.<\/p>\r\n                    <\/div>\r\n                <\/div>\r\n            <\/div>\r\n        <\/div>\r\n    <\/div>\r\n\r\n    <!-- Bootstrap JS -->\r\n    <script src=\"https:\/\/cdn.jsdelivr.net\/npm\/bootstrap@5.3.0-alpha1\/dist\/js\/bootstrap.bundle.min.js\"><\/script>\r\n<\/body>\r\n<\/html>\r\n\t\t<\/div>\n\t\t\t\t<\/div>\n\t\t\t\t\t<\/div>\n\t\t\t\t<\/div>\n\t\t<div class=\"elementor-element elementor-element-c3f32e4 e-flex e-con-boxed e-con e-parent\" data-id=\"c3f32e4\" data-element_type=\"container\">\n\t\t\t\t\t<div class=\"e-con-inner\">\n\t\t\t\t<div class=\"elementor-element elementor-element-3f068bf elementor-widget elementor-widget-spacer\" data-id=\"3f068bf\" data-element_type=\"widget\" data-widget_type=\"spacer.default\">\n\t\t\t\t<div class=\"elementor-widget-container\">\n\t\t\t\t\t<div class=\"elementor-spacer\">\n\t\t\t<div class=\"elementor-spacer-inner\"><\/div>\n\t\t<\/div>\n\t\t\t\t<\/div>\n\t\t\t\t<\/div>\n\t\t\t\t\t<\/div>\n\t\t\t\t<\/div>\n\t\t\t\t<\/div>\n\t\t","protected":false},"excerpt":{"rendered":"<p>Notre Mission Nos missions et engagements Garantir la s\u00e9curit\u00e9 incendie \u00e0 travers des mesures pr\u00e9ventives et des dispositifs adapt\u00e9s. Pr\u00e9vention des risques d&rsquo;incendie Le syndicat sensibilise, informe et conseille sur les meilleures pratiques pour pr\u00e9venir les incendies. Formation professionnelle Organisation de dispositifs de formation pour les membres et les intervenants en s\u00e9curit\u00e9 incendie. Veille r\u00e9glementaire&hellip;&nbsp;<a href=\"https:\/\/sypesic.org\/?page_id=79\" rel=\"bookmark\">Lire la suite &raquo;<span class=\"screen-reader-text\">Nos missions et engagements<\/span><\/a><\/p>\n","protected":false},"author":1,"featured_media":0,"parent":0,"menu_order":0,"comment_status":"closed","ping_status":"closed","template":"page-templates\/template-pagebuilder-full-width.php","meta":{"neve_meta_sidebar":"","neve_meta_container":"","neve_meta_enable_content_width":"","neve_meta_content_width":0,"neve_meta_title_alignment":"","neve_meta_author_avatar":"","neve_post_elements_order":"","neve_meta_disable_header":"","neve_meta_disable_footer":"","neve_meta_disable_title":"","footnotes":""},"class_list":["post-79","page","type-page","status-publish","hentry"],"_links":{"self":[{"href":"https:\/\/sypesic.org\/index.php?rest_route=\/wp\/v2\/pages\/79","targetHints":{"allow":["GET"]}}],"collection":[{"href":"https:\/\/sypesic.org\/index.php?rest_route=\/wp\/v2\/pages"}],"about":[{"href":"https:\/\/sypesic.org\/index.php?rest_route=\/wp\/v2\/types\/page"}],"author":[{"embeddable":true,"href":"https:\/\/sypesic.org\/index.php?rest_route=\/wp\/v2\/users\/1"}],"replies":[{"embeddable":true,"href":"https:\/\/sypesic.org\/index.php?rest_route=%2Fwp%2Fv2%2Fcomments&post=79"}],"version-history":[{"count":38,"href":"https:\/\/sypesic.org\/index.php?rest_route=\/wp\/v2\/pages\/79\/revisions"}],"predecessor-version":[{"id":1052,"href":"https:\/\/sypesic.org\/index.php?rest_route=\/wp\/v2\/pages\/79\/revisions\/1052"}],"wp:attachment":[{"href":"https:\/\/sypesic.org\/index.php?rest_route=%2Fwp%2Fv2%2Fmedia&parent=79"}],"curies":[{"name":"wp","href":"https:\/\/api.w.org\/{rel}","templated":true}]}}