{"id":81,"date":"2024-11-10T20:55:26","date_gmt":"2024-11-10T19:55:26","guid":{"rendered":"https:\/\/sypesic.org\/?page_id=81"},"modified":"2024-11-28T18:57:26","modified_gmt":"2024-11-28T17:57:26","slug":"presentation","status":"publish","type":"page","link":"https:\/\/sypesic.org\/?page_id=81","title":{"rendered":"Notre vision"},"content":{"rendered":"\t\t<div data-elementor-type=\"wp-page\" data-elementor-id=\"81\" class=\"elementor elementor-81\">\n\t\t\t\t<div class=\"elementor-element elementor-element-efc9136 e-con-full e-flex e-con e-parent\" data-id=\"efc9136\" data-element_type=\"container\">\n\t\t\t\t<div class=\"elementor-element elementor-element-1942ec9 elementor-widget elementor-widget-html\" data-id=\"1942ec9\" data-element_type=\"widget\" data-widget_type=\"html.default\">\n\t\t\t\t<div class=\"elementor-widget-container\">\n\t\t\t<!DOCTYPE html>\r\n<html lang=\"fr\">\r\n<head>\r\n    <meta charset=\"UTF-8\">\r\n    <meta name=\"viewport\" content=\"width=device-width, initial-scale=1.0\">\r\n    <title>S\u00e9curit\u00e9 Incendie<\/title>\r\n    <!-- Bootstrap CSS -->\r\n    <link href=\"https:\/\/cdn.jsdelivr.net\/npm\/bootstrap@5.3.0-alpha1\/dist\/css\/bootstrap.min.css\" rel=\"stylesheet\">\r\n    <!-- Custom Styles -->\r\n    <style>\r\n        .hero-section {\r\n            background-color: #d32f2f;\r\n            color: white;\r\n            padding: 100px 0;\r\n            text-align: center;\r\n        }\r\n        .hero-section h1 {\r\n            font-size: 2.5rem;\r\n            font-weight: bold;\r\n        }\r\n        .hero-section p {\r\n            font-size: 1.2rem;\r\n            margin-bottom: 20px;\r\n        }\r\n        .features-section {\r\n            background-color: #b71c1c;\r\n            color: white;\r\n            padding: 60px 0;\r\n        }\r\n        .features-section h3 {\r\n            font-size: 1.5rem;\r\n        }\r\n        .features-section p {\r\n            font-size: 1rem;\r\n            color: #f8d7da;\r\n        }\r\n        .btn-primary {\r\n            background-color: white;\r\n            color: #d32f2f;\r\n            border: none;\r\n        }\r\n        .btn-primary:hover {\r\n            background-color: #f8f9fa;\r\n            color: #b71c1c;\r\n        }\r\n        .btn-outline-light:hover {\r\n            background-color: white;\r\n            color: #b71c1c;\r\n        }\r\n    <\/style>\r\n<\/head>\r\n<body>\r\n    <!-- Hero Section -->\r\n    <div class=\"hero-section\">\r\n        <div class=\"container\">\r\n            <h1>Ensemble pour une s\u00e9curit\u00e9 incendie optimale<\/h1>\r\n            <p>La r\u00e9f\u00e9rence camerounaise en mati\u00e8re de s\u00e9curit\u00e9 incendie. Formation, pr\u00e9vention et expertise au service de votre s\u00e9curit\u00e9.<\/p>\r\n            <div class=\"d-flex justify-content-center gap-3\">\r\n                <a href=\"\/formulaire-connexion.php\" class=\"btn btn-primary px-4 py-2\">Devenir Membre<\/a>\r\n                <a href=\"https:\/\/sypesic.org\/?page_id=99\" class=\"btn btn-outline-light px-4 py-2\">Nous Contacter<\/a>\r\n            <\/div>\r\n        <\/div>\r\n    <\/div>\r\n\r\n    <!-- Features Section -->\r\n    <div class=\"features-section\">\r\n        <div class=\"container\">\r\n            <div class=\"row text-center\">\r\n                <div class=\"col-md-4\">\r\n                    <div class=\"mb-4\">\r\n                        <i class=\"bi bi-shield-fill text-white\" style=\"font-size: 2.5rem;\"><\/i>\r\n                    <\/div>\r\n                    <h3>Protection<\/h3>\r\n                    <p>Standards de s\u00e9curit\u00e9 \u00e9lev\u00e9s<\/p>\r\n                <\/div>\r\n                <div class=\"col-md-4\">\r\n                    <div class=\"mb-4\">\r\n                        <i class=\"bi bi-people-fill text-white\" style=\"font-size: 2.5rem;\"><\/i>\r\n                    <\/div>\r\n                    <h3>Expertise<\/h3>\r\n                    <p>Professionnels qualifi\u00e9s<\/p>\r\n                <\/div>\r\n                <div class=\"col-md-4\">\r\n                    <div class=\"mb-4\">\r\n                        <i class=\"bi bi-journal-bookmark-fill text-white\" style=\"font-size: 2.5rem;\"><\/i>\r\n                    <\/div>\r\n                    <h3>Formation<\/h3>\r\n                    <p>Programmes certifi\u00e9s<\/p>\r\n                <\/div>\r\n            <\/div>\r\n        <\/div>\r\n    <\/div>\r\n\r\n    <!-- Bootstrap JS -->\r\n    <script src=\"https:\/\/cdn.jsdelivr.net\/npm\/bootstrap@5.3.0-alpha1\/dist\/js\/bootstrap.bundle.min.js\"><\/script>\r\n<\/body>\r\n<\/html>\r\n\t\t<\/div>\n\t\t\t\t<\/div>\n\t\t\t\t<\/div>\n\t\t<div class=\"elementor-element elementor-element-beadb07 e-flex e-con-boxed e-con e-parent\" data-id=\"beadb07\" data-element_type=\"container\">\n\t\t\t\t\t<div class=\"e-con-inner\">\n\t\t\t\t<div class=\"elementor-element elementor-element-074e693 elementor-widget elementor-widget-spacer\" data-id=\"074e693\" data-element_type=\"widget\" data-widget_type=\"spacer.default\">\n\t\t\t\t<div class=\"elementor-widget-container\">\n\t\t\t\t\t<div class=\"elementor-spacer\">\n\t\t\t<div class=\"elementor-spacer-inner\"><\/div>\n\t\t<\/div>\n\t\t\t\t<\/div>\n\t\t\t\t<\/div>\n\t\t\t\t\t<\/div>\n\t\t\t\t<\/div>\n\t\t<div class=\"elementor-element elementor-element-2a51428 e-flex e-con-boxed e-con e-parent\" data-id=\"2a51428\" data-element_type=\"container\">\n\t\t\t\t\t<div class=\"e-con-inner\">\n\t\t\t\t<div class=\"elementor-element elementor-element-4bbdbb8 elementor-widget elementor-widget-html\" data-id=\"4bbdbb8\" data-element_type=\"widget\" data-widget_type=\"html.default\">\n\t\t\t\t<div class=\"elementor-widget-container\">\n\t\t\t<!DOCTYPE html>\r\n<html lang=\"fr\">\r\n<head>\r\n    <meta charset=\"UTF-8\">\r\n    <meta name=\"viewport\" content=\"width=device-width, initial-scale=1.0\">\r\n    <title>Notre Vision<\/title>\r\n    <!-- Bootstrap CSS -->\r\n    <link href=\"https:\/\/cdn.jsdelivr.net\/npm\/bootstrap@5.3.0-alpha1\/dist\/css\/bootstrap.min.css\" rel=\"stylesheet\">\r\n    <style>\r\n        .vision-box {\r\n            background-color: #f8f9fa;\r\n            border-left: 5px solid #d32f2f;\r\n            border-radius: 8px;\r\n            padding: 20px;\r\n            margin: 20px 0;\r\n            box-shadow: 0 4px 8px rgba(0, 0, 0, 0.1);\r\n        }\r\n        .vision-box h3 {\r\n            color: #d32f2f;\r\n            font-weight: bold;\r\n            margin-bottom: 15px;\r\n        }\r\n        .vision-box ul {\r\n            padding-left: 20px;\r\n        }\r\n        .vision-box ul li {\r\n            margin-bottom: 10px;\r\n        }\r\n    <\/style>\r\n<\/head>\r\n<body>\r\n    <div class=\"container mt-5\">\r\n        <div class=\"vision-box\">\r\n            <h3>NOTRE VISION<\/h3>\r\n            <p>\r\n                Consid\u00e9rant qu\u2019une corporation responsable ne saurait rester indiff\u00e9rente par rapport au contexte \u00e9conomique et social dans lequel il est appel\u00e9 \u00e0 se d\u00e9ployer, notre vision est de faire corps avec notre environnement.\r\n            <\/p>\r\n            <p>\r\n                Au-del\u00e0 de la d\u00e9fense des int\u00e9r\u00eats professionnels de ses membres, notre syndicat entend aussi \u00eatre une force de proposition aux c\u00f4t\u00e9s des pouvoirs publics pour le d\u00e9veloppement d\u2019une v\u00e9ritable industrie de la s\u00e9curit\u00e9 incendie au Cameroun. Nous sommes de ce fait dispos\u00e9s \u00e0 :\r\n            <\/p>\r\n            <ul>\r\n                <li>\u0152uvrer aux c\u00f4t\u00e9s de toutes les parties prenantes pour l\u2019am\u00e9lioration de la r\u00e9glementation et des normes en s\u00e9curit\u00e9 incendie dans notre environnement.<\/li>\r\n                <li>Appuyer les pouvoirs publics dans le cadre de l\u2019assainissement du secteur de la s\u00e9curit\u00e9 incendie afin de r\u00e9duire les malfa\u00e7ons dont les cons\u00e9quences sont souvent dramatiques.<\/li>\r\n                <li>Contribuer \u00e0 la sensibilisation et \u00e0 l\u2019\u00e9ducation des populations en vue d\u2019une meilleure appropriation des bonnes pratiques et des r\u00e8gles de protection contre les risques d\u2019incendie.<\/li>\r\n            <\/ul>\r\n            <p>\r\n                Nous voulons encore aller plus loin et mieux identifier comment s\u00e9curiser notre environnement par la pr\u00e9vention et la r\u00e9duction des risques d\u2019incendies.\r\n            <\/p>\r\n        <\/div>\r\n    <\/div>\r\n\r\n    <!-- Bootstrap JS -->\r\n    <script src=\"https:\/\/cdn.jsdelivr.net\/npm\/bootstrap@5.3.0-alpha1\/dist\/js\/bootstrap.bundle.min.js\"><\/script>\r\n<\/body>\r\n<\/html>\r\n\t\t<\/div>\n\t\t\t\t<\/div>\n\t\t\t\t\t<\/div>\n\t\t\t\t<\/div>\n\t\t<div class=\"elementor-element elementor-element-028d455 e-flex e-con-boxed e-con e-parent\" data-id=\"028d455\" data-element_type=\"container\">\n\t\t\t\t\t<div class=\"e-con-inner\">\n\t\t\t\t<div class=\"elementor-element elementor-element-bcee7f5 elementor-widget elementor-widget-spacer\" data-id=\"bcee7f5\" data-element_type=\"widget\" data-widget_type=\"spacer.default\">\n\t\t\t\t<div class=\"elementor-widget-container\">\n\t\t\t\t\t<div class=\"elementor-spacer\">\n\t\t\t<div class=\"elementor-spacer-inner\"><\/div>\n\t\t<\/div>\n\t\t\t\t<\/div>\n\t\t\t\t<\/div>\n\t\t\t\t\t<\/div>\n\t\t\t\t<\/div>\n\t\t\t\t<\/div>\n\t\t","protected":false},"excerpt":{"rendered":"<p>S\u00e9curit\u00e9 Incendie Ensemble pour une s\u00e9curit\u00e9 incendie optimale La r\u00e9f\u00e9rence camerounaise en mati\u00e8re de s\u00e9curit\u00e9 incendie. Formation, pr\u00e9vention et expertise au service de votre s\u00e9curit\u00e9. Devenir Membre Nous Contacter Protection Standards de s\u00e9curit\u00e9 \u00e9lev\u00e9s Expertise Professionnels qualifi\u00e9s Formation Programmes certifi\u00e9s Notre Vision NOTRE VISION Consid\u00e9rant qu\u2019une corporation responsable ne saurait rester indiff\u00e9rente par rapport au&hellip;&nbsp;<a href=\"https:\/\/sypesic.org\/?page_id=81\" rel=\"bookmark\">Lire la suite &raquo;<span class=\"screen-reader-text\">Notre vision<\/span><\/a><\/p>\n","protected":false},"author":1,"featured_media":0,"parent":0,"menu_order":0,"comment_status":"closed","ping_status":"closed","template":"page-templates\/template-pagebuilder-full-width.php","meta":{"neve_meta_sidebar":"","neve_meta_container":"","neve_meta_enable_content_width":"","neve_meta_content_width":0,"neve_meta_title_alignment":"","neve_meta_author_avatar":"","neve_post_elements_order":"","neve_meta_disable_header":"","neve_meta_disable_footer":"","neve_meta_disable_title":"","footnotes":""},"class_list":["post-81","page","type-page","status-publish","hentry"],"_links":{"self":[{"href":"https:\/\/sypesic.org\/index.php?rest_route=\/wp\/v2\/pages\/81","targetHints":{"allow":["GET"]}}],"collection":[{"href":"https:\/\/sypesic.org\/index.php?rest_route=\/wp\/v2\/pages"}],"about":[{"href":"https:\/\/sypesic.org\/index.php?rest_route=\/wp\/v2\/types\/page"}],"author":[{"embeddable":true,"href":"https:\/\/sypesic.org\/index.php?rest_route=\/wp\/v2\/users\/1"}],"replies":[{"embeddable":true,"href":"https:\/\/sypesic.org\/index.php?rest_route=%2Fwp%2Fv2%2Fcomments&post=81"}],"version-history":[{"count":29,"href":"https:\/\/sypesic.org\/index.php?rest_route=\/wp\/v2\/pages\/81\/revisions"}],"predecessor-version":[{"id":792,"href":"https:\/\/sypesic.org\/index.php?rest_route=\/wp\/v2\/pages\/81\/revisions\/792"}],"wp:attachment":[{"href":"https:\/\/sypesic.org\/index.php?rest_route=%2Fwp%2Fv2%2Fmedia&parent=81"}],"curies":[{"name":"wp","href":"https:\/\/api.w.org\/{rel}","templated":true}]}}