{"id":87,"date":"2024-11-10T20:58:29","date_gmt":"2024-11-10T19:58:29","guid":{"rendered":"https:\/\/sypesic.org\/?page_id=87"},"modified":"2024-12-14T12:35:11","modified_gmt":"2024-12-14T11:35:11","slug":"metiers","status":"publish","type":"page","link":"https:\/\/sypesic.org\/?page_id=87","title":{"rendered":"Expertise"},"content":{"rendered":"\t\t<div data-elementor-type=\"wp-page\" data-elementor-id=\"87\" class=\"elementor elementor-87\">\n\t\t\t\t<div class=\"elementor-element elementor-element-3e25d67 e-flex e-con-boxed e-con e-parent\" data-id=\"3e25d67\" data-element_type=\"container\" data-settings=\"{&quot;background_background&quot;:&quot;slideshow&quot;,&quot;background_slideshow_gallery&quot;:[{&quot;id&quot;:883,&quot;url&quot;:&quot;https:\\\/\\\/sypesic.org\\\/wp-content\\\/uploads\\\/2024\\\/11\\\/formation_en_s_curit_incendie_de_personnes_noir.jpeg&quot;},{&quot;id&quot;:877,&quot;url&quot;:&quot;https:\\\/\\\/sypesic.org\\\/wp-content\\\/uploads\\\/2024\\\/11\\\/alarme-incendie-de-type-4-filaire.jpg&quot;},{&quot;id&quot;:868,&quot;url&quot;:&quot;https:\\\/\\\/sypesic.org\\\/wp-content\\\/uploads\\\/2024\\\/11\\\/detecteur-incendie.jpg&quot;},{&quot;id&quot;:814,&quot;url&quot;:&quot;https:\\\/\\\/sypesic.org\\\/wp-content\\\/uploads\\\/2024\\\/11\\\/mat_riel_d_extinction_des_flammes.jpeg&quot;}],&quot;background_slideshow_loop&quot;:&quot;yes&quot;,&quot;background_slideshow_slide_duration&quot;:5000,&quot;background_slideshow_slide_transition&quot;:&quot;fade&quot;,&quot;background_slideshow_transition_duration&quot;:500}\">\n\t\t\t\t\t<div class=\"e-con-inner\">\n\t\t\t\t\t<\/div>\n\t\t\t\t<\/div>\n\t\t<div class=\"elementor-element elementor-element-9da838b e-con-full e-flex e-con e-parent\" data-id=\"9da838b\" data-element_type=\"container\">\n\t\t\t\t<div class=\"elementor-element elementor-element-3a25ab5 elementor-widget elementor-widget-html\" data-id=\"3a25ab5\" data-element_type=\"widget\" data-widget_type=\"html.default\">\n\t\t\t\t<div class=\"elementor-widget-container\">\n\t\t\t<!DOCTYPE html>\r\n<html lang=\"fr\">\r\n<head>\r\n    <meta charset=\"UTF-8\">\r\n    <meta name=\"viewport\" content=\"width=device-width, initial-scale=1.0\">\r\n    <title>Expertise - Syndicat Patronal<\/title>\r\n    <link href=\"https:\/\/cdn.jsdelivr.net\/npm\/bootstrap@5.3.3\/dist\/css\/bootstrap.min.css\" rel=\"stylesheet\">\r\n    <style>\r\n        .center-text {\r\n            text-align: center;     \/* Centre le texte dans son conteneur *\/\r\n            font-size: 24px;\r\n            color: #333;\r\n        }\r\n        .expertise-card {\r\n            overflow: hidden;\r\n            transition: transform 0.3s ease, box-shadow 0.3s ease;\r\n        }\r\n\r\n        .expertise-card:hover {\r\n            transform: translateY(-10px);\r\n            box-shadow: 0 8px 15px rgba(0, 0, 0, 0.2);\r\n        }\r\n\r\n        .expertise-img {\r\n            height: 200px;\r\n            object-fit: cover;\r\n            transition: transform 0.3s ease;\r\n        }\r\n\r\n        .expertise-card:hover .expertise-img {\r\n            transform: scale(1.1);\r\n        }\r\n\r\n        .expertise-section {\r\n            animation: fadeInUp 1s ease;\r\n        }\r\n\r\n        @keyframes fadeInUp {\r\n            from {\r\n                opacity: 0;\r\n                transform: translateY(20px);\r\n            }\r\n            to {\r\n                opacity: 1;\r\n                transform: translateY(0);\r\n            }\r\n        }\r\n    <\/style>\r\n<\/head>\r\n<body>\r\n    <!-- Navbar -->\r\n    <nav class=\"navbar navbar-expand-lg navbar-dark bg-danger\">\r\n        <div class=\"container\">\r\n            \r\n        <\/div>\r\n    <\/nav>\r\n\r\n    <!-- Header Section -->\r\n    <header class=\"bg-danger text-white text-center py-5\">\r\n        <div class=\"container\">\r\n            <h1 class=\"display-4\">Expertise du Syndicat Patronal<\/h1>\r\n            <p class=\"lead\">Des solutions sur mesure pour la s\u00e9curit\u00e9 incendie<\/p>\r\n        <\/div>\r\n    <\/header>\r\n\r\n    <!-- Expertise Section -->\r\n    <section class=\"py-5 expertise-section\">\r\n        <div class=\"container\">\r\n            <h2 class=\"text-center text-danger mb-5\">Nos quatre expertises<\/h2>\r\n            <div class=\"row g-4\">\r\n                <!-- Expertise 1 -->\r\n                <div class=\"col-md-12\">\r\n                    <div class=\"card expertise-card border-danger\">\r\n                        \r\n                        <div  class=\"center-text\">\r\n                            <h5 class=\"card-title text-danger\" >Expertise aupr\u00e8s de l'\u00c9tat<\/h5>\r\n                            <p class=\"card-text\">\r\n                                Assistance dans l'\u00e9laboration des normes nationales de s\u00e9curit\u00e9 incendie et collaboration avec les institutions publiques.\r\n                            <\/p>\r\n                        <\/div>\r\n                        <img decoding=\"async\" src=\"https:\/\/sypesic.org\/wp-content\/uploads\/2024\/11\/formation_en_gestion_des_risques_incendie_de.jpeg\" alt=\"\u00c9tat\" class=\"card-img-top expertise-img\">\r\n                    <\/div>\r\n                <\/div>\r\n\r\n                <!-- Expertise 2 -->\r\n                <div class=\"center-text\">\r\n                    <div class=\"card expertise-card border-danger\">\r\n                        \r\n                        <div class=\"card-body\">\r\n                            <h5 class=\"card-title text-danger\">Expertise aupr\u00e8s des collectivit\u00e9s<\/h5>\r\n                            <p class=\"card-text\">\r\n                                Conseil et appui pour la mise en place de plans locaux de pr\u00e9vention des incendies et formation des acteurs locaux.\r\n                            <\/p>\r\n                        <\/div>\r\n                        <img decoding=\"async\" src=\"https:\/\/sypesic.org\/wp-content\/uploads\/2024\/11\/conseil_en_s_curit_incendie_avec_des_personnes-1.jpeg\" alt=\"Collectivit\u00e9s\" class=\"card-img-top expertise-img\">\r\n                    <\/div>\r\n                <\/div>\r\n\r\n                <!-- Expertise 3 -->\r\n                <div class=\"col-md-12\">\r\n                    <div class=\"card expertise-card border-danger\">\r\n                       \r\n                        <div class=\"center-text\">\r\n                            <h5 class=\"card-title text-danger\">Expertise aupr\u00e8s des entreprises<\/h5>\r\n                            <p class=\"card-text\">\r\n            Audit, formation du personnel et mise en place de syst\u00e8mes de s\u00e9curit\u00e9 incendie conformes aux normes professionnelles.                    \r\n                            <\/p>\r\n                        <\/div>\r\n                         <img decoding=\"async\" src=\"https:\/\/sypesic.org\/wp-content\/uploads\/2024\/12\/formation_en_s_curit_incendie.jpeg\" alt=\"Particuliers\" class=\"card-img-top expertise-img\">\r\n                    <\/div>\r\n                <\/div>\r\n\r\n                <!-- Expertise 4 -->\r\n                <div class=\"col-md-12\">\r\n                    <div class=\"card expertise-card border-danger\">\r\n                       \r\n                        <div class=\"center-text\">\r\n                            <h5 class=\"card-title text-danger\">Expertise aupr\u00e8s des particuliers<\/h5>\r\n                            <p class=\"card-text\">\r\n                         Sensibilisation, audit de s\u00e9curit\u00e9, et recommandations personnalis\u00e9es pour prot\u00e9ger les habitations contre les risques d'incendie.       \r\n                            <\/p>\r\n                        <\/div>\r\n                         <img decoding=\"async\" src=\"https:\/\/sypesic.org\/wp-content\/uploads\/2024\/12\/belle_image_sur_la_pr_vention_des_risques.jpeg\" alt=\"Entreprises\" class=\"card-img-top expertise-img\">\r\n                    <\/div>\r\n                <\/div>\r\n            <\/div>\r\n        <\/div>\r\n    <\/section>\r\n\r\n    \r\n\r\n    <script src=\"https:\/\/cdn.jsdelivr.net\/npm\/bootstrap@5.3.3\/dist\/js\/bootstrap.bundle.min.js\"><\/script>\r\n<\/body>\r\n<\/html>\r\n\t\t<\/div>\n\t\t\t\t<\/div>\n\t\t\t\t<\/div>\n\t\t\t\t<\/div>\n\t\t","protected":false},"excerpt":{"rendered":"<p>Expertise &#8211; Syndicat Patronal Expertise du Syndicat Patronal Des solutions sur mesure pour la s\u00e9curit\u00e9 incendie Nos quatre expertises Expertise aupr\u00e8s de l&rsquo;\u00c9tat Assistance dans l&rsquo;\u00e9laboration des normes nationales de s\u00e9curit\u00e9 incendie et collaboration avec les institutions publiques. Expertise aupr\u00e8s des collectivit\u00e9s Conseil et appui pour la mise en place de plans locaux de pr\u00e9vention&hellip;&nbsp;<a href=\"https:\/\/sypesic.org\/?page_id=87\" rel=\"bookmark\">Lire la suite &raquo;<span class=\"screen-reader-text\">Expertise<\/span><\/a><\/p>\n","protected":false},"author":1,"featured_media":0,"parent":0,"menu_order":0,"comment_status":"closed","ping_status":"closed","template":"page-templates\/template-pagebuilder-full-width.php","meta":{"neve_meta_sidebar":"","neve_meta_container":"","neve_meta_enable_content_width":"","neve_meta_content_width":0,"neve_meta_title_alignment":"","neve_meta_author_avatar":"","neve_post_elements_order":"","neve_meta_disable_header":"","neve_meta_disable_footer":"","neve_meta_disable_title":"","footnotes":""},"class_list":["post-87","page","type-page","status-publish","hentry"],"_links":{"self":[{"href":"https:\/\/sypesic.org\/index.php?rest_route=\/wp\/v2\/pages\/87","targetHints":{"allow":["GET"]}}],"collection":[{"href":"https:\/\/sypesic.org\/index.php?rest_route=\/wp\/v2\/pages"}],"about":[{"href":"https:\/\/sypesic.org\/index.php?rest_route=\/wp\/v2\/types\/page"}],"author":[{"embeddable":true,"href":"https:\/\/sypesic.org\/index.php?rest_route=\/wp\/v2\/users\/1"}],"replies":[{"embeddable":true,"href":"https:\/\/sypesic.org\/index.php?rest_route=%2Fwp%2Fv2%2Fcomments&post=87"}],"version-history":[{"count":50,"href":"https:\/\/sypesic.org\/index.php?rest_route=\/wp\/v2\/pages\/87\/revisions"}],"predecessor-version":[{"id":1269,"href":"https:\/\/sypesic.org\/index.php?rest_route=\/wp\/v2\/pages\/87\/revisions\/1269"}],"wp:attachment":[{"href":"https:\/\/sypesic.org\/index.php?rest_route=%2Fwp%2Fv2%2Fmedia&parent=87"}],"curies":[{"name":"wp","href":"https:\/\/api.w.org\/{rel}","templated":true}]}}